{"id":1158,"date":"2025-05-26T23:42:31","date_gmt":"2025-05-26T21:42:31","guid":{"rendered":"https:\/\/www.alykanya.fr\/?page_id=1158"},"modified":"2025-10-08T19:13:18","modified_gmt":"2025-10-08T17:13:18","slug":"ateliers","status":"publish","type":"page","link":"https:\/\/www.alykanya.fr\/index.php\/ateliers\/","title":{"rendered":"Ateliers"},"content":{"rendered":"\t\t<div data-elementor-type=\"wp-page\" data-elementor-id=\"1158\" class=\"elementor elementor-1158\">\n\t\t\t\t<div class=\"elementor-element elementor-element-c6d6da4 e-flex e-con-boxed e-con e-parent\" data-id=\"c6d6da4\" data-element_type=\"container\" data-e-type=\"container\">\n\t\t\t\t\t<div class=\"e-con-inner\">\n\t\t\t\t<div class=\"elementor-element elementor-element-a36f45d elementor-widget elementor-widget-html\" data-id=\"a36f45d\" data-element_type=\"widget\" data-e-type=\"widget\" data-widget_type=\"html.default\">\n\t\t\t\t<div class=\"elementor-widget-container\">\n\t\t\t\t\t<!-- D\u00e9but du contenu \"Ateliers\" SEO optimis\u00e9 -->\r\n<main id=\"ateliers\" class=\"content\" role=\"main\">\r\n  <header>\r\n    <h1>Ateliers bien-\u00eatre en Vend\u00e9e \u2013 Chant rituel, soin vibratoire & transformation int\u00e9rieure<\/h1>\r\n    <p class=\"intro\">\r\n      Les <strong>ateliers bien-\u00eatre<\/strong> que je propose en Vend\u00e9e sont des espaces de <strong>transformation int\u00e9rieure<\/strong>, \r\n      de <strong>lib\u00e9ration \u00e9motionnelle<\/strong> et de reconnexion \u00e0 soi.  \r\n      \u00c0 travers le <strong>chant rituel<\/strong>, les <strong>soins vibratoires collectifs<\/strong>, l\u2019<strong>exploration du f\u00e9minin sacr\u00e9<\/strong> et \r\n      l\u2019<strong>accompagnement individuel<\/strong>, chacun\u00b7e retrouve sa joie, sa clart\u00e9 et son authenticit\u00e9 dans un cadre bienveillant et inspirant. \ud83c\udf3f\r\n    <\/p>\r\n  <\/header>\r\n\r\n  <section aria-labelledby=\"propositions\">\r\n    <h2 id=\"propositions\">Mes propositions d'ateliers de d\u00e9veloppement personnel \u2728<\/h2>\r\n\r\n    <article aria-labelledby=\"chant-rituel\">\r\n      <h3 id=\"chant-rituel\">\ud83c\udfa4 Chant rituel & chant intuitif \u2013 Lib\u00e9ration \u00e9motionnelle et expression de soi<\/h3>\r\n      <p>\r\n        Un <strong>atelier de chant rituel <\/strong>  pour exprimer ta v\u00e9rit\u00e9, lib\u00e9rer tes \u00e9motions et te reconnecter \u00e0 ton \u00e9nergie int\u00e9rieure.  \r\n        Le <strong>chant rituel<\/strong> devient ici un puissant outil de <strong>gu\u00e9rison et de lib\u00e9ration \u00e9motionnelle<\/strong>, \r\n        favorisant la confiance, la pr\u00e9sence et la joie.\r\n      <\/p>\r\n    <\/article>\r\n\r\n    <article aria-labelledby=\"soins-vibratoires\">\r\n      <h3 id=\"soins-vibratoires\">\ud83c\udf3f Soin vibratoire collectif \u2013 Retrouver l\u2019harmonie corps, c\u0153ur et esprit<\/h3>\r\n      <p>\r\n        Participe \u00e0 un <strong>soin vibratoire collectif<\/strong> pour harmoniser ton corps, ton mental et ton \u00e9nergie.  \r\n        Ces rituels sonores, m\u00ealant <strong>chants intuitifs<\/strong>, percussions vivantes et instruments vibratoires, \r\n        offrent une exp\u00e9rience de <strong>bien-\u00eatre<\/strong> et de <strong>transformation int\u00e9rieure<\/strong> douce et puissante.\r\n      <\/p>\r\n    <\/article>\r\n\r\n    <article aria-labelledby=\"feminin-sacre\">\r\n      <h3 id=\"feminin-sacre\">\ud83c\udf00 Exploration du f\u00e9minin sacr\u00e9 \u2013 Reconnecter ta force et ton intuition<\/h3>\r\n      <p>\r\n        Un espace d\u00e9di\u00e9 \u00e0 la reconnexion \u00e0 ton <strong>f\u00e9minin sacr\u00e9<\/strong>, \u00e0 ta cr\u00e9ativit\u00e9 et \u00e0 ton intuition.  \r\n        \u00c0 travers le mouvement, les rituels et les partages bienveillants, ces ateliers t\u2019invitent \u00e0 renouer avec ton pouvoir int\u00e9rieur et ta lumi\u00e8re.\r\n      <\/p>\r\n    <\/article>\r\n  <\/section>\r\n\r\n  <section aria-labelledby=\"renaitre au mouvement\">\r\n    <h2 id=\"renaitre\"><em>\ud83d\udcab Rena\u00eetre au mouvement<\/em> <\/h2>\r\n    <p>\r\n      Cet <strong>atelier de lib\u00e9ration \u00e9motionnelle<\/strong> et de <strong>d\u00e9veloppement personnel<\/strong> permet de \r\n      sortir des blocages int\u00e9rieurs et de faire \u00e9merger ton \u00e9lan juste.  \r\n      Un v\u00e9ritable voyage de <strong>transformation int\u00e9rieure<\/strong> m\u00ealant mouvement, introspection et partage.\r\n    <\/p>\r\n    <ul>\r\n      <li><strong>Objectif :<\/strong> retrouver ton axe et lib\u00e9rer ton expression naturelle<\/li>\r\n      <li><strong>Dur\u00e9e :<\/strong> 2h<\/li>\r\n      <li><strong>Groupe :<\/strong> petit groupe 6\u201312 personnes<\/li>\r\n      <li><strong>Lieu :<\/strong> Oasis AEC, Apremont (Vend\u00e9e)<\/li>\r\n    <\/ul>\r\n  <\/section>\r\n\r\n  <section aria-labelledby=\"accomp\r\n\t\t\t\t<\/div>\n\t\t\t\t<\/div>\n\t\t\t\t\t<\/div>\n\t\t\t\t<\/div>\n\t\t\t\t<\/div>\n\t\t","protected":false},"excerpt":{"rendered":"<p>Ateliers bien-\u00eatre en Vend\u00e9e \u2013 Chant rituel, soin vibratoire &#038; transformation int\u00e9rieure Les ateliers bien-\u00eatre que je propose en Vend\u00e9e sont des espaces de transformation int\u00e9rieure, de lib\u00e9ration \u00e9motionnelle et de reconnexion \u00e0 soi. \u00c0 travers le chant rituel, les soins vibratoires collectifs, l\u2019exploration du f\u00e9minin sacr\u00e9 et l\u2019accompagnement individuel, chacun\u00b7e retrouve sa joie, sa [&hellip;]<\/p>\n","protected":false},"author":1,"featured_media":0,"parent":0,"menu_order":0,"comment_status":"closed","ping_status":"closed","template":"elementor_header_footer","meta":{"ocean_post_layout":"","ocean_both_sidebars_style":"","ocean_both_sidebars_content_width":0,"ocean_both_sidebars_sidebars_width":0,"ocean_sidebar":"","ocean_second_sidebar":"","ocean_disable_margins":"enable","ocean_add_body_class":"","ocean_shortcode_before_top_bar":"","ocean_shortcode_after_top_bar":"","ocean_shortcode_before_header":"","ocean_shortcode_after_header":"","ocean_has_shortcode":"","ocean_shortcode_after_title":"","ocean_shortcode_before_footer_widgets":"","ocean_shortcode_after_footer_widgets":"","ocean_shortcode_before_footer_bottom":"","ocean_shortcode_after_footer_bottom":"","ocean_display_top_bar":"default","ocean_display_header":"default","ocean_header_style":"","ocean_center_header_left_menu":"","ocean_custom_header_template":"","ocean_custom_logo":0,"ocean_custom_retina_logo":0,"ocean_custom_logo_max_width":0,"ocean_custom_logo_tablet_max_width":0,"ocean_custom_logo_mobile_max_width":0,"ocean_custom_logo_max_height":0,"ocean_custom_logo_tablet_max_height":0,"ocean_custom_logo_mobile_max_height":0,"ocean_header_custom_menu":"","ocean_menu_typo_font_family":"","ocean_menu_typo_font_subset":"","ocean_menu_typo_font_size":0,"ocean_menu_typo_font_size_tablet":0,"ocean_menu_typo_font_size_mobile":0,"ocean_menu_typo_font_size_unit":"px","ocean_menu_typo_font_weight":"","ocean_menu_typo_font_weight_tablet":"","ocean_menu_typo_font_weight_mobile":"","ocean_menu_typo_transform":"","ocean_menu_typo_transform_tablet":"","ocean_menu_typo_transform_mobile":"","ocean_menu_typo_line_height":0,"ocean_menu_typo_line_height_tablet":0,"ocean_menu_typo_line_height_mobile":0,"ocean_menu_typo_line_height_unit":"","ocean_menu_typo_spacing":0,"ocean_menu_typo_spacing_tablet":0,"ocean_menu_typo_spacing_mobile":0,"ocean_menu_typo_spacing_unit":"","ocean_menu_link_color":"","ocean_menu_link_color_hover":"","ocean_menu_link_color_active":"","ocean_menu_link_background":"","ocean_menu_link_hover_background":"","ocean_menu_link_active_background":"","ocean_menu_social_links_bg":"","ocean_menu_social_hover_links_bg":"","ocean_menu_social_links_color":"","ocean_menu_social_hover_links_color":"","ocean_disable_title":"default","ocean_disable_heading":"default","ocean_post_title":"","ocean_post_subheading":"","ocean_post_title_style":"","ocean_post_title_background_color":"","ocean_post_title_background":0,"ocean_post_title_bg_image_position":"","ocean_post_title_bg_image_attachment":"","ocean_post_title_bg_image_repeat":"","ocean_post_title_bg_image_size":"","ocean_post_title_height":0,"ocean_post_title_bg_overlay":0.5,"ocean_post_title_bg_overlay_color":"","ocean_disable_breadcrumbs":"default","ocean_breadcrumbs_color":"","ocean_breadcrumbs_separator_color":"","ocean_breadcrumbs_links_color":"","ocean_breadcrumbs_links_hover_color":"","ocean_display_footer_widgets":"default","ocean_display_footer_bottom":"default","ocean_custom_footer_template":"","omw_enable_modal_window":"enable","footnotes":""},"class_list":["post-1158","page","type-page","status-publish","hentry","entry"],"yoast_head":"<!-- This site is optimized with the Yoast SEO plugin v26.1.1 - https:\/\/yoast.com\/wordpress\/plugins\/seo\/ -->\n<title>Ateliers bien-\u00eatre &amp; chant \u2013 Alykanya, Ecstatic Dance Vend\u00e9e<\/title>\n<meta name=\"description\" content=\"Ateliers de chant rituel, soins et exploration du f\u00e9minin avec Alykanya en Vend\u00e9e. Des espaces pour lib\u00e9rer, se relier et se transformer. \ud83c\udf3f\" \/>\n<meta name=\"robots\" content=\"index, follow, max-snippet:-1, max-image-preview:large, max-video-preview:-1\" \/>\n<link rel=\"canonical\" href=\"https:\/\/www.alykanya.fr\/index.php\/ateliers\/\" \/>\n<meta property=\"og:locale\" content=\"fr_FR\" \/>\n<meta property=\"og:type\" content=\"article\" \/>\n<meta property=\"og:title\" content=\"Ateliers bien-\u00eatre &amp; chant \u2013 Alykanya, Ecstatic Dance Vend\u00e9e\" \/>\n<meta property=\"og:description\" content=\"Ateliers de chant rituel, soins et exploration du f\u00e9minin avec Alykanya en Vend\u00e9e. Des espaces pour lib\u00e9rer, se relier et se transformer. \ud83c\udf3f\" \/>\n<meta property=\"og:url\" content=\"https:\/\/www.alykanya.fr\/index.php\/ateliers\/\" \/>\n<meta property=\"og:site_name\" content=\"Alykanya.fr\" \/>\n<meta property=\"article:modified_time\" content=\"2025-10-08T17:13:18+00:00\" \/>\n<meta property=\"og:image\" content=\"https:\/\/www.alykanya.fr\/wp-content\/uploads\/2025\/10\/Prochaines-dates2-1.png\" \/>\n\t<meta property=\"og:image:width\" content=\"866\" \/>\n\t<meta property=\"og:image:height\" content=\"325\" \/>\n\t<meta property=\"og:image:type\" content=\"image\/png\" \/>\n<meta name=\"twitter:card\" content=\"summary_large_image\" \/>\n<meta name=\"twitter:label1\" content=\"Dur\u00e9e de lecture estim\u00e9e\" \/>\n\t<meta name=\"twitter:data1\" content=\"2 minutes\" \/>\n<script type=\"application\/ld+json\" class=\"yoast-schema-graph\">{\"@context\":\"https:\/\/schema.org\",\"@graph\":[{\"@type\":\"WebPage\",\"@id\":\"https:\/\/www.alykanya.fr\/index.php\/ateliers\/\",\"url\":\"https:\/\/www.alykanya.fr\/index.php\/ateliers\/\",\"name\":\"Ateliers bien-\u00eatre & chant \u2013 Alykanya, Ecstatic Dance Vend\u00e9e\",\"isPartOf\":{\"@id\":\"https:\/\/www.alykanya.fr\/#website\"},\"datePublished\":\"2025-05-26T21:42:31+00:00\",\"dateModified\":\"2025-10-08T17:13:18+00:00\",\"description\":\"Ateliers de chant rituel, soins et exploration du f\u00e9minin avec Alykanya en Vend\u00e9e. Des espaces pour lib\u00e9rer, se relier et se transformer. \ud83c\udf3f\",\"breadcrumb\":{\"@id\":\"https:\/\/www.alykanya.fr\/index.php\/ateliers\/#breadcrumb\"},\"inLanguage\":\"fr-FR\",\"potentialAction\":[{\"@type\":\"ReadAction\",\"target\":[\"https:\/\/www.alykanya.fr\/index.php\/ateliers\/\"]}]},{\"@type\":\"BreadcrumbList\",\"@id\":\"https:\/\/www.alykanya.fr\/index.php\/ateliers\/#breadcrumb\",\"itemListElement\":[{\"@type\":\"ListItem\",\"position\":1,\"name\":\"Accueil\",\"item\":\"https:\/\/www.alykanya.fr\/\"},{\"@type\":\"ListItem\",\"position\":2,\"name\":\"Ateliers\"}]},{\"@type\":\"WebSite\",\"@id\":\"https:\/\/www.alykanya.fr\/#website\",\"url\":\"https:\/\/www.alykanya.fr\/\",\"name\":\"Alykanya.fr\",\"description\":\"D\u00e9couvrez les danses, concerts et ateliers \u00e0 venir\",\"publisher\":{\"@id\":\"https:\/\/www.alykanya.fr\/#\/schema\/person\/1f5855179a0abf33c222b1156fa7e28e\"},\"potentialAction\":[{\"@type\":\"SearchAction\",\"target\":{\"@type\":\"EntryPoint\",\"urlTemplate\":\"https:\/\/www.alykanya.fr\/?s={search_term_string}\"},\"query-input\":{\"@type\":\"PropertyValueSpecification\",\"valueRequired\":true,\"valueName\":\"search_term_string\"}}],\"inLanguage\":\"fr-FR\"},{\"@type\":[\"Person\",\"Organization\"],\"@id\":\"https:\/\/www.alykanya.fr\/#\/schema\/person\/1f5855179a0abf33c222b1156fa7e28e\",\"name\":\"Alykanya\",\"image\":{\"@type\":\"ImageObject\",\"inLanguage\":\"fr-FR\",\"@id\":\"https:\/\/www.alykanya.fr\/#\/schema\/person\/image\/\",\"url\":\"https:\/\/www.alykanya.fr\/wp-content\/uploads\/2025\/05\/cropped-cropped-cropped-Design-sans-titre-6.png\",\"contentUrl\":\"https:\/\/www.alykanya.fr\/wp-content\/uploads\/2025\/05\/cropped-cropped-cropped-Design-sans-titre-6.png\",\"width\":81,\"height\":63,\"caption\":\"Alykanya\"},\"logo\":{\"@id\":\"https:\/\/www.alykanya.fr\/#\/schema\/person\/image\/\"},\"sameAs\":[\"http:\/\/alykanw.cluster100.hosting.ovh.net\",\"https:\/\/soundcloud.com\/alykanya\/\"]}]}<\/script>\n<!-- \/ Yoast SEO plugin. -->","yoast_head_json":{"title":"Ateliers bien-\u00eatre & chant \u2013 Alykanya, Ecstatic Dance Vend\u00e9e","description":"Ateliers de chant rituel, soins et exploration du f\u00e9minin avec Alykanya en Vend\u00e9e. Des espaces pour lib\u00e9rer, se relier et se transformer. \ud83c\udf3f","robots":{"index":"index","follow":"follow","max-snippet":"max-snippet:-1","max-image-preview":"max-image-preview:large","max-video-preview":"max-video-preview:-1"},"canonical":"https:\/\/www.alykanya.fr\/index.php\/ateliers\/","og_locale":"fr_FR","og_type":"article","og_title":"Ateliers bien-\u00eatre & chant \u2013 Alykanya, Ecstatic Dance Vend\u00e9e","og_description":"Ateliers de chant rituel, soins et exploration du f\u00e9minin avec Alykanya en Vend\u00e9e. Des espaces pour lib\u00e9rer, se relier et se transformer. \ud83c\udf3f","og_url":"https:\/\/www.alykanya.fr\/index.php\/ateliers\/","og_site_name":"Alykanya.fr","article_modified_time":"2025-10-08T17:13:18+00:00","og_image":[{"width":866,"height":325,"url":"https:\/\/www.alykanya.fr\/wp-content\/uploads\/2025\/10\/Prochaines-dates2-1.png","type":"image\/png"}],"twitter_card":"summary_large_image","twitter_misc":{"Dur\u00e9e de lecture estim\u00e9e":"2 minutes"},"schema":{"@context":"https:\/\/schema.org","@graph":[{"@type":"WebPage","@id":"https:\/\/www.alykanya.fr\/index.php\/ateliers\/","url":"https:\/\/www.alykanya.fr\/index.php\/ateliers\/","name":"Ateliers bien-\u00eatre & chant \u2013 Alykanya, Ecstatic Dance Vend\u00e9e","isPartOf":{"@id":"https:\/\/www.alykanya.fr\/#website"},"datePublished":"2025-05-26T21:42:31+00:00","dateModified":"2025-10-08T17:13:18+00:00","description":"Ateliers de chant rituel, soins et exploration du f\u00e9minin avec Alykanya en Vend\u00e9e. Des espaces pour lib\u00e9rer, se relier et se transformer. \ud83c\udf3f","breadcrumb":{"@id":"https:\/\/www.alykanya.fr\/index.php\/ateliers\/#breadcrumb"},"inLanguage":"fr-FR","potentialAction":[{"@type":"ReadAction","target":["https:\/\/www.alykanya.fr\/index.php\/ateliers\/"]}]},{"@type":"BreadcrumbList","@id":"https:\/\/www.alykanya.fr\/index.php\/ateliers\/#breadcrumb","itemListElement":[{"@type":"ListItem","position":1,"name":"Accueil","item":"https:\/\/www.alykanya.fr\/"},{"@type":"ListItem","position":2,"name":"Ateliers"}]},{"@type":"WebSite","@id":"https:\/\/www.alykanya.fr\/#website","url":"https:\/\/www.alykanya.fr\/","name":"Alykanya.fr","description":"D\u00e9couvrez les danses, concerts et ateliers \u00e0 venir","publisher":{"@id":"https:\/\/www.alykanya.fr\/#\/schema\/person\/1f5855179a0abf33c222b1156fa7e28e"},"potentialAction":[{"@type":"SearchAction","target":{"@type":"EntryPoint","urlTemplate":"https:\/\/www.alykanya.fr\/?s={search_term_string}"},"query-input":{"@type":"PropertyValueSpecification","valueRequired":true,"valueName":"search_term_string"}}],"inLanguage":"fr-FR"},{"@type":["Person","Organization"],"@id":"https:\/\/www.alykanya.fr\/#\/schema\/person\/1f5855179a0abf33c222b1156fa7e28e","name":"Alykanya","image":{"@type":"ImageObject","inLanguage":"fr-FR","@id":"https:\/\/www.alykanya.fr\/#\/schema\/person\/image\/","url":"https:\/\/www.alykanya.fr\/wp-content\/uploads\/2025\/05\/cropped-cropped-cropped-Design-sans-titre-6.png","contentUrl":"https:\/\/www.alykanya.fr\/wp-content\/uploads\/2025\/05\/cropped-cropped-cropped-Design-sans-titre-6.png","width":81,"height":63,"caption":"Alykanya"},"logo":{"@id":"https:\/\/www.alykanya.fr\/#\/schema\/person\/image\/"},"sameAs":["http:\/\/alykanw.cluster100.hosting.ovh.net","https:\/\/soundcloud.com\/alykanya\/"]}]}},"_links":{"self":[{"href":"https:\/\/www.alykanya.fr\/index.php\/wp-json\/wp\/v2\/pages\/1158","targetHints":{"allow":["GET"]}}],"collection":[{"href":"https:\/\/www.alykanya.fr\/index.php\/wp-json\/wp\/v2\/pages"}],"about":[{"href":"https:\/\/www.alykanya.fr\/index.php\/wp-json\/wp\/v2\/types\/page"}],"author":[{"embeddable":true,"href":"https:\/\/www.alykanya.fr\/index.php\/wp-json\/wp\/v2\/users\/1"}],"replies":[{"embeddable":true,"href":"https:\/\/www.alykanya.fr\/index.php\/wp-json\/wp\/v2\/comments?post=1158"}],"version-history":[{"count":25,"href":"https:\/\/www.alykanya.fr\/index.php\/wp-json\/wp\/v2\/pages\/1158\/revisions"}],"predecessor-version":[{"id":1709,"href":"https:\/\/www.alykanya.fr\/index.php\/wp-json\/wp\/v2\/pages\/1158\/revisions\/1709"}],"wp:attachment":[{"href":"https:\/\/www.alykanya.fr\/index.php\/wp-json\/wp\/v2\/media?parent=1158"}],"curies":[{"name":"wp","href":"https:\/\/api.w.org\/{rel}","templated":true}]}}